 = q + 124. What is the tens digit of -2 - 3*b/(-9)?
2
Let f be 6 - 4/(-8)*-2. Suppose -51 = 3*p - 5*l, -17 = 3*p + f*l + 4. Let j = -8 - p. What is the units digit of j?
4
Let f(q) = 2*q**2 + 4*q - 9. Let z be f(-5). Suppose 4*s - 33 = -z. What is the units digit of s?
3
Suppose -u = -1134 - 789. What is the thousands digit of u?
1
Let r(s) = 9*s**2 + s - 1. Let x be r(1). Suppose -528 = x*v - 2103. What is the tens digit of v?
7
Let k = 34 - 28. Let i be 37 + (-4 + k - 3). Let y = i - -11. What is the tens digit of y?
4
Suppose -9*i = 21 - 3. What is the hundreds digit of (3/i)/((-14)/1036)?
1
Let m(c) = -17*c - 47. Let j(u) = -9*u - 24. Let i(f) = -10*j(f) + 6*m(f). What is the units digit of i(-12)?
2
Let t = 10 + -2. Suppose -4*v = -0*v - t. Suppose v*c - 21 = c. What is the units digit of c?
1
Let x(g) = 3*g**2 - 31*g - 33. What is the tens digit of x(14)?
2
Let o(j) = j + 1788. What is the units digit of o(0)?
8
Let r(f) = -f**3 - 2*f**2 - 3*f + 2. Let u be r(-4). Suppose 5*y = 39 + u. What is the tens digit of y?
1
Let w = 41 + -13. Let c be (-1)/(-4) - (-889)/w. Let q = c - 4. What is the units digit of q?
8
Suppose 0 = 3*h + 3*z - 2*z - 101, 0 = 3*h + 2*z - 100. Let r = h - 14. What is the units digit of r?
0
Suppose 0 = 2*t - 5*j - 9492, -4959 - 4533 = -2*t - j. What is the tens digit of t?
4
Suppose 0 = -5*l - 0 - 10. What is the tens digit of -2 - (4 + l - 47)?
4
What is the hundreds digit of (-4658)/(-4) + (-9 - (-135)/18)?
1
Suppose -60*x + 59*x + 5341 = -5*l, 26786 = 5*x + 2*l. What is the thousands digit of x?
5
Suppose -g - 2*w = -1927, -5*g - 3674 + 13365 = -4*w. What is the tens digit of g?
3
Let u = -115 - -165. Suppose -4*p = p + u. Let a = 34 + p. What is the tens digit of a?
2
Let j be 1171/5 - -3*2/(-30). Suppose v - j + 80 = 0. What is the units digit of v?
4
Suppose -6*h - 25 = -h. Let l(p) = -17*p + 6. What is the units digit of l(h)?
1
Let w(t) = -t**3 + 8*t**2 - 6*t. Let k(u) = 9*u - 1. Let d be k(4). Suppose -5*c - d = -10*c. What is the units digit of w(c)?
7
Let c(m) = -m**2 + 3*m + 104. Let d be c(0). Suppose -l + 499 = 5*j, 3*l = j - l - d. What is the units digit of j?
0
Let x = 1696 + -1301. What is the hundreds digit of x?
3
What is the units digit of 1 + 50/(2*(-2)/(-90))?
6
What is the hundreds digit of (-6)/(0 - 6) + 438?
4
Let s(p) = p**3 + 2*p**2 + 2*p + 1. Let h be s(-2). Let i be (232/(-12) - h)*3. Let v = -28 - i. What is the units digit of v?
1
Suppose -3*r + 27 = 3*o, r - 2*r = -3*o + 23. Let f(c) = c + 2. Let d be f(o). What is the tens digit of -12 + 15 + 4*d?
4
Suppose 14*a - 36 = -8. Suppose -3*s - 84 = -2*n, -4*n - 3*s + a*s + 168 = 0. What is the units digit of n?
2
Suppose 2*b - 42 = -3*d, 0 = -d - 0*d + b + 19. Let w = d - -26. What is the units digit of w?
2
Suppose -4*x + 21 = -y, 4*y = 3*x - x - 28. Let q(v) = v**3 + 4*v**2 - 4*v + 11. What is the units digit of q(y)?
6
Let i be 726/7 + (-2)/(-7). Suppose 4*g + 64*g = 204. Suppose d + i = g*d. What is the tens digit of d?
5
Let d(r) = 2*r**3 - 3*r**2 - r. Suppose -2*m = -2, 3*o = -2*m + m + 10. Let z be o/3 - (-4 - -2). What is the tens digit of d(z)?
2
Let k = 3 + 9. Suppose -3*a + 0 = -k. Let q = a + 5. What is the units digit of q?
9
Let t(z) = -z**3 - 11*z**2 - 12*z - 6. Let k be t(-10). Suppose 0 = g - k - 61. What is the units digit of g?
5
Suppose 0 = 3*r + 4*o - 2046, 2*r + 0*o - 4*o - 1344 = 0. What is the tens digit of r?
7
Suppose -4*c + 11 = -5*k, c - 4*c = -3*k - 9. Let x be 28*2/c - -2. What is the units digit of ((-6)/4)/((-6)/x)?
4
Let w(k) = 23 - k - 22 + 0*k + 0*k. Let s(v) = 5*v - 7. Let g(l) = -s(l) - 4*w(l). What is the units digit of g(-5)?
8
What is the units digit of (-131925)/375*(1 + -6)?
9
Let t(a) = 256*a**3 - 2*a**2 + a. Let r be t(1). Let w = r + -123. What is the hundreds digit of w?
1
Let n be (9 + (0 - 1 - 2))/2. Suppose -n*u + 378 = 3*u. What is the tens digit of u?
6
Let s(g) = 380*g**2 + 11*g - 6. What is the units digit of s(-2)?
2
What is the hundreds digit of (26257/22 - -9)*(-24)/(-10)?
8
Suppose 12 = -f - 0. Let n = 15 + f. Suppose n*s = 12, -4*c = -0*c - 4*s - 108. What is the tens digit of c?
3
What is the hundreds digit of 3285/12 + 3/12?
2
Let c be -3 + -3 + -2 + 1. What is the units digit of 181/1 + c + 10?
4
Suppose 14 = -4*l - 18. Let p(h) = -2*h**3 + 8*h + 9*h**2 - 3*h**3 + 0*h + 8 + 6*h**3. What is the units digit of p(l)?
8
Let u(q) = q**2 + 24*q - 117. What is the units digit of u(-30)?
3
Let z(n) = 39*n**2 - n - 2. Suppose h - 3 + 1 = 0. Let t be z(h). Suppose 0 = 3*q + 14 - t. What is the tens digit of q?
4
Suppose -20*v - 251 = -22291. What is the hundreds digit of v?
1
Let w(k) = -9*k - 47. Let u be w(-23). Let i = u + -122. What is the tens digit of i?
3
Suppose -8 = -5*q - 2*p, q = -4*q + 2*p - 8. Suppose q*n - 3*n = -120. What is the units digit of n?
0
Suppose t = -4*t + 370. Let h = t + -12. What is the tens digit of h?
6
What is the units digit of (-2 - (-39956)/16) + 10/(-40)?
5
Let q(r) = 28*r + 20. What is the tens digit of q(13)?
8
Suppose 17 = 3*k + 2. Suppose 8*a = k*a + 537. What is the tens digit of a?
7
Let s(w) = -47*w + 4. Let b(h) = 46*h - 3. Let p(k) = -5*b(k) - 4*s(k). What is the tens digit of p(-1)?
4
Let f = 14 - 2. Let o = -8 - -6. What is the tens digit of (f/(-9))/(o/30)?
2
Let h = 28 + -35. Let r(v) = v**3 + 7*v**2 + 4*v + 12. Let k be r(h). What is the tens digit of 1706/30 + k/(-120)?
5
Suppose -2*g - 2 - 2 = 0, 2*g = -5*l + 96. Let f be 20/(-90) - l/(-9). Suppose -f*x - 2*x + 124 = -3*s, 31 = x + 3*s. What is the units digit of x?
1
Let s = -64 + 102. Suppose s + 55 = w. What is the tens digit of w?
9
Suppose 0 = 5*t - 9*t - h + 8515, -10641 = -5*t - 4*h. What is the units digit of t?
9
Let r(v) = v - 4. Suppose 2*h = -h - a + 12, 5*a = -15. Let f be r(h). Let s(x) = 25*x**2 - x. What is the units digit of s(f)?
4
Let b(q) = 14*q - 68. Let h be b(-10). Let d = -125 - h. What is the units digit of d?
3
Suppose -i - 6 = 2*w, 3*i + 0*i = -3*w - 6. Let o(g) = g**2 + 2*g - 1. What is the units digit of o(i)?
7
Let r(h) = -216*h + 16. Let u be r(-2). Suppose u = 3*q + t - 200, q + 2*t = 216. What is the tens digit of q?
1
Suppose 13*w - 6289 = -2454. What is the units digit of w?
5
Let s = 16 + -15. Let o be (s - 4)*(-38)/6. Let j = 36 - o. What is the tens digit of j?
1
Suppose 4*n - 6*n + 22 = 0. Let i(l) = l**2 - 9*l - 26. Let v be i(n). What is the tens digit of 1470/(-20)*v/6?
4
Let g = 486 + -282. Let n = 347 - g. What is the units digit of n?
3
Let i(o) = o**2 - 3*o - 7. Let w be i(5). Let p be (-176)/(-2) + 6/w. Suppose 8*v = 5*v + p. What is the units digit of v?
0
Suppose -5*c = 2*p - 1761, 3*p - 2*c - c = 2631. What is the tens digit of p?
7
Let t(k) = k**2 - k. Let z be t(3). Let c = 2 - z. What is the tens digit of 34/(2/c*-2)?
3
Let b = -559 + 2099. What is the units digit of b?
0
Let o(r) = -r**3 + 19*r**2 + 11*r + 18. Let j be o(19). Let g = j - 126. What is the units digit of g?
1
What is the hundreds digit of 69/(-46)*1084/(-3)?
5
Suppose 0 = -5*r + 5*i - 15, 5*r + 11 = -2*i + 24. What is the hundreds digit of (6 - r)/(4/112)?
1
Let z = -586 + 937. What is the units digit of z?
1
Let d be (-3 + -39)/3 + -4. Let k = d - -23. Suppose 5*b = -5*u + 70, u = -k*b - 0*u + 66. What is the tens digit of b?
1
Suppose 4*x = z - 742, 0 = 19*z - 14*z - 2*x - 3800. What is the hundreds digit of z?
7
Suppose -748 = -l + 4*z, -3032 = -2*l - 2*l - 4*z. What is the units digit of l?
6
Let p(v) = 4*v - 20. Let k be p(6). Let x be 1/(-2)*(-4)/1. Suppose -3*h - 3*d + 69 = 0, -k*h + 138 = -x*d + 46. What is the tens digit of h?
2
Let z = -289 + 149. What is the units digit of (0 - (-2 + 1))/((-5)/z)?
8
Let t = 9 + -6. Let x be -44*t/(48/(-20)). Suppose -170 + x = -5*l. What is the tens digit of l?
2
Suppose -5*l = -0*x + 4*x + 316, -8 = 2*x. Let u = l + 93. What is the units digit of u?
3
Let s(m) = 4*m**2 - 2*m. Let g be s(-5). Suppose -g = -l - d, -5*l - 120 + 675 = 4*d. Let p = l + -80. What is the tens digit of p?
3
Let c be (-2 + 0)*(8 - 10). Suppose c*f + 4*k = 836, 0 = 3*f - 7*f - 2*k + 834. What is the hundreds digit of f?
2
Let z = 3768 + -2343. Suppose -1046 = -7*u + z. Suppose -2*m + 43 = -5*h + u, 62 = h - 5*m. What is the tens digit of h?
6
Su